{"id":5039,"date":"2023-05-16T11:52:24","date_gmt":"2023-05-16T10:52:24","guid":{"rendered":"https:\/\/pinturayartistas.com\/ilustracionesgratis\/?page_id=5039"},"modified":"2023-11-01T16:18:45","modified_gmt":"2023-11-01T15:18:45","slug":"disenos-graficos","status":"publish","type":"page","link":"https:\/\/pinturayartistas.com\/ilustracionesgratis\/es\/disenos-graficos\/","title":{"rendered":"Dise\u00f1os gr\u00e1ficos"},"content":{"rendered":"\n<h2 class=\"wp-block-heading\">Ilustraciones art\u00edsticas, dibujos para colorear y dise\u00f1os gr\u00e1ficos como texturas, s\u00edmbolos y etiquetas<\/h2>\n\n\n\n<p class=\"has-text-align-center texto-seo\">Descubre los archivos de dise\u00f1o gr\u00e1fico y vectorial que puedes descargar directamente y utilizar en tus art\u00edculos, dise\u00f1os y publicaciones.<\/p>\n\n\n\n<div class=\"wp-block-columns\">\n<div class=\"wp-block-column\">\n<figure class=\"wp-block-image aligncenter size-large\"><a href=\"https:\/\/pinturayartistas.com\/ilustracionesgratis\/graficos\/ilustraciones-artisticas\/\"><img loading=\"lazy\" width=\"683\" height=\"521\" src=\"https:\/\/pinturayartistas.com\/ilustracionesgratis\/wp-content\/uploads\/2021\/04\/colecciones-ilustraciones-artisticas.jpg\" alt=\"Ilustraciones art\u00edsticas\" class=\"wp-image-4442\" title=\"Colecciones de Ilustraciones art\u00edsticas\"\/><\/a><\/figure>\n\n\n\n<h3 class=\"wp-block-heading has-text-align-center\"><a href=\"https:\/\/pinturayartistas.com\/ilustracionesgratis\/graficos\/ilustraciones-artisticas\/\">Ilustraciones art\u00edsticas<\/a><\/h3>\n<\/div>\n\n\n\n<div class=\"wp-block-column\">\n<figure class=\"wp-block-image aligncenter size-large\"><a href=\"https:\/\/pinturayartistas.com\/ilustracionesgratis\/graficos\/texturas\/\"><img loading=\"lazy\" width=\"683\" height=\"521\" src=\"https:\/\/pinturayartistas.com\/ilustracionesgratis\/wp-content\/uploads\/2021\/04\/colecciones-texturas.jpg\" alt=\"colecciones de texturas\" class=\"wp-image-4445\" title=\"Colecciones de ilustraciones de texturas diversas\"\/><\/a><\/figure>\n\n\n\n<h3 class=\"wp-block-heading has-text-align-center\"><a href=\"https:\/\/pinturayartistas.com\/ilustracionesgratis\/graficos\/texturas\/\">Texturas y patrones<\/a><\/h3>\n<\/div>\n<\/div>\n\n\n\n<hr class=\"wp-block-separator has-css-opacity\"\/>\n\n\n\n<div class=\"wp-block-columns\">\n<div class=\"wp-block-column\">\n<figure class=\"wp-block-image aligncenter size-large\"><a href=\"https:\/\/pinturayartistas.com\/ilustracionesgratis\/image-stock\/artisticas-art\/\"><img src=\"https:\/\/pinturayartistas.com\/ilustracionesgratis\/wp-content\/uploads\/2011\/ilustraciones-arte\/aztecas\/mini\/arte-azteca-hand-mano.gif\" alt=\"\"\/><\/a><\/figure>\n\n\n\n<h3 class=\"wp-block-heading has-text-align-center\"><a href=\"https:\/\/pinturayartistas.com\/ilustracionesgratis\/image-stock\/artisticas-art\/\">Ilustraciones art\u00edsticas<\/a><\/h3>\n<\/div>\n\n\n\n<div class=\"wp-block-column\">\n<figure class=\"wp-block-image aligncenter size-large\"><a href=\"https:\/\/pinturayartistas.com\/ilustracionesgratis\/image-stock\/etiqueta-label\/\"><img src=\"https:\/\/pinturayartistas.com\/ilustracionesgratis\/wp-content\/uploads\/2011\/graficos\/etiquetas1.jpg\" alt=\"\"\/><\/a><\/figure>\n\n\n\n<h3 class=\"wp-block-heading has-text-align-center\"><a href=\"https:\/\/pinturayartistas.com\/ilustracionesgratis\/image-stock\/etiqueta-label\/\">Etiquetas gr\u00e1ficas<\/a><\/h3>\n<\/div>\n\n\n\n<div class=\"wp-block-column\">\n<figure class=\"wp-block-image aligncenter size-large\"><a href=\"https:\/\/pinturayartistas.com\/ilustracionesgratis\/image-stock\/formas-shapes\/\"><img src=\"https:\/\/pinturayartistas.com\/ilustracionesgratis\/wp-content\/uploads\/2013\/10\/formas-en-espiral-diseno200-200x200.gif\" alt=\"\"\/><\/a><\/figure>\n\n\n\n<h3 class=\"wp-block-heading has-text-align-center\"><a href=\"https:\/\/pinturayartistas.com\/ilustracionesgratis\/image-stock\/formas-shapes\/\">Formas<\/a><\/h3>\n<\/div>\n\n\n\n<div class=\"wp-block-column\">\n<figure class=\"wp-block-image aligncenter size-large\"><a href=\"https:\/\/pinturayartistas.com\/ilustracionesgratis\/image-stock\/graficos-graphics\/simbolos-symbol\/\"><img src=\"https:\/\/pinturayartistas.com\/ilustracionesgratis\/wp-content\/uploads\/2014\/02\/ying-y-yang200-200x200.gif\" alt=\"\"\/><\/a><\/figure>\n\n\n\n<h3 class=\"wp-block-heading has-text-align-center\"><a href=\"https:\/\/pinturayartistas.com\/ilustracionesgratis\/image-stock\/graficos-graphics\/simbolos-symbol\/\">S\u00edmbolos<\/a><\/h3>\n<\/div>\n\n\n\n<div class=\"wp-block-column\">\n<figure class=\"wp-block-image aligncenter size-large\"><a href=\"https:\/\/pinturayartistas.com\/ilustracionesgratis\/image-stock\/texturas-texture\/\"><img src=\"https:\/\/pinturayartistas.com\/ilustracionesgratis\/wp-content\/uploads\/2013\/01\/sierpenski-mirror-100-200x200.jpg\" alt=\"\"\/><\/a><\/figure>\n\n\n\n<h3 class=\"wp-block-heading has-text-align-center\"><a href=\"https:\/\/pinturayartistas.com\/ilustracionesgratis\/image-stock\/texturas-texture\/\">Texturas<\/a><\/h3>\n<\/div>\n<\/div>\n\n\n\n<hr class=\"wp-block-separator has-css-opacity\"\/>\n\n\n\n<h2 class=\"wp-block-heading has-text-align-center\">Colecciones destacadas de dise\u00f1o gr\u00e1fico <\/h2>\n\n\n\n<div class=\"wp-block-columns\">\n<div class=\"wp-block-column\">\n<figure class=\"wp-block-image size-large\"><a href=\"https:\/\/pinturayartistas.com\/ilustracionesgratis\/image-stock\/graficos-graphics\/dibujos-mandalas\/\"><img loading=\"lazy\" width=\"683\" height=\"521\" src=\"https:\/\/pinturayartistas.com\/ilustracionesgratis\/wp-content\/uploads\/2021\/03\/mandalas-destacada.jpg\" alt=\"mandalas\" class=\"wp-image-4234\"\/><\/a><\/figure>\n\n\n\n<h3 class=\"wp-block-heading has-text-align-center\"><a href=\"https:\/\/pinturayartistas.com\/ilustracionesgratis\/image-stock\/graficos-graphics\/dibujos-mandalas\/\">Mandalas<\/a><\/h3>\n<\/div>\n\n\n\n<div class=\"wp-block-column\">\n<figure class=\"wp-block-image size-large\"><a href=\"https:\/\/pinturayartistas.com\/ilustracionesgratis\/image-stock\/horoscopo-chino-chinese-horoscope\/\"><img loading=\"lazy\" width=\"683\" height=\"521\" src=\"https:\/\/pinturayartistas.com\/ilustracionesgratis\/wp-content\/uploads\/2021\/03\/destacadas-horoscopos.jpg\" alt=\"\" class=\"wp-image-4238\"\/><\/a><\/figure>\n\n\n\n<h3 class=\"wp-block-heading has-text-align-center\"><a href=\"https:\/\/pinturayartistas.com\/ilustracionesgratis\/image-stock\/horoscopo-chino-chinese-horoscope\/\">Chinese horoscope<\/a><\/h3>\n<\/div>\n<\/div>\n","protected":false},"excerpt":{"rendered":"<p>Ilustraciones art\u00edsticas, dibujos para colorear y dise\u00f1os gr\u00e1ficos como texturas, s\u00edmbolos y etiquetas Descubre los archivos de dise\u00f1o gr\u00e1fico y vectorial que puedes descargar directamente y utilizar en tus art\u00edculos, dise\u00f1os y publicaciones. Ilustraciones art\u00edsticas Texturas y patrones Ilustraciones art\u00edsticas Etiquetas gr\u00e1ficas Formas S\u00edmbolos Texturas Colecciones destacadas de dise\u00f1o gr\u00e1fico Mandalas Chinese horoscope<\/p>\n","protected":false},"author":575,"featured_media":4234,"parent":0,"menu_order":4,"comment_status":"closed","ping_status":"closed","template":"","meta":[],"yoast_head":"<!-- This site is optimized with the Yoast SEO plugin v16.0 - https:\/\/yoast.com\/wordpress\/plugins\/seo\/ -->\n<title>Dise\u00f1os gr\u00e1ficos - Cristina Ilustraciones y fotograf\u00edas gratis<\/title>\n<meta name=\"description\" content=\"Ilustraciones, dise\u00f1os gr\u00e1ficos y fotograf\u00edas en el stock gratuito. Illustrations, graphic designs and photos in the free stock\" \/>\n<link rel=\"canonical\" href=\"https:\/\/pinturayartistas.com\/ilustracionesgratis\/es\/disenos-graficos\/\" \/>\n<meta property=\"og:locale\" content=\"en_US\" \/>\n<meta property=\"og:type\" content=\"article\" \/>\n<meta property=\"og:title\" content=\"Dise\u00f1os gr\u00e1ficos - Cristina Ilustraciones y fotograf\u00edas gratis\" \/>\n<meta property=\"og:description\" content=\"Ilustraciones, dise\u00f1os gr\u00e1ficos y fotograf\u00edas en el stock gratuito. Illustrations, graphic designs and photos in the free stock\" \/>\n<meta property=\"og:url\" content=\"https:\/\/pinturayartistas.com\/ilustracionesgratis\/es\/disenos-graficos\/\" \/>\n<meta property=\"og:site_name\" content=\"Cristina\" \/>\n<meta property=\"article:modified_time\" content=\"2023-11-01T15:18:45+00:00\" \/>\n<meta property=\"og:image\" content=\"https:\/\/pinturayartistas.com\/ilustracionesgratis\/wp-content\/uploads\/2021\/03\/mandalas-destacada.jpg\" \/>\n\t<meta property=\"og:image:width\" content=\"683\" \/>\n\t<meta property=\"og:image:height\" content=\"521\" \/>\n<meta name=\"twitter:card\" content=\"summary_large_image\" \/>\n<meta name=\"twitter:label1\" content=\"Est. reading time\">\n\t<meta name=\"twitter:data1\" content=\"3 minutes\">\n<script type=\"application\/ld+json\" class=\"yoast-schema-graph\">{\"@context\":\"https:\/\/schema.org\",\"@graph\":[{\"@type\":\"WebSite\",\"@id\":\"https:\/\/pinturayartistas.com\/ilustracionesgratis\/#website\",\"url\":\"https:\/\/pinturayartistas.com\/ilustracionesgratis\/\",\"name\":\"Cristina\",\"description\":\"Illustrations\",\"potentialAction\":[{\"@type\":\"SearchAction\",\"target\":\"https:\/\/pinturayartistas.com\/ilustracionesgratis\/?s={search_term_string}\",\"query-input\":\"required name=search_term_string\"}],\"inLanguage\":\"en-US\"},{\"@type\":\"ImageObject\",\"@id\":\"https:\/\/pinturayartistas.com\/ilustracionesgratis\/es\/disenos-graficos\/#primaryimage\",\"inLanguage\":\"en-US\",\"url\":\"https:\/\/pinturayartistas.com\/ilustracionesgratis\/wp-content\/uploads\/2021\/03\/mandalas-destacada.jpg\",\"width\":683,\"height\":521},{\"@type\":\"WebPage\",\"@id\":\"https:\/\/pinturayartistas.com\/ilustracionesgratis\/es\/disenos-graficos\/#webpage\",\"url\":\"https:\/\/pinturayartistas.com\/ilustracionesgratis\/es\/disenos-graficos\/\",\"name\":\"Dise\\u00f1os gr\\u00e1ficos - Cristina Ilustraciones y fotograf\\u00edas gratis\",\"isPartOf\":{\"@id\":\"https:\/\/pinturayartistas.com\/ilustracionesgratis\/#website\"},\"primaryImageOfPage\":{\"@id\":\"https:\/\/pinturayartistas.com\/ilustracionesgratis\/es\/disenos-graficos\/#primaryimage\"},\"datePublished\":\"2023-05-16T10:52:24+00:00\",\"dateModified\":\"2023-11-01T15:18:45+00:00\",\"description\":\"Ilustraciones, dise\\u00f1os gr\\u00e1ficos y fotograf\\u00edas en el stock gratuito. Illustrations, graphic designs and photos in the free stock\",\"breadcrumb\":{\"@id\":\"https:\/\/pinturayartistas.com\/ilustracionesgratis\/es\/disenos-graficos\/#breadcrumb\"},\"inLanguage\":\"en-US\",\"potentialAction\":[{\"@type\":\"ReadAction\",\"target\":[\"https:\/\/pinturayartistas.com\/ilustracionesgratis\/es\/disenos-graficos\/\"]}]},{\"@type\":\"BreadcrumbList\",\"@id\":\"https:\/\/pinturayartistas.com\/ilustracionesgratis\/es\/disenos-graficos\/#breadcrumb\",\"itemListElement\":[{\"@type\":\"ListItem\",\"position\":1,\"item\":{\"@type\":\"WebPage\",\"@id\":\"https:\/\/pinturayartistas.com\/ilustracionesgratis\/\",\"url\":\"https:\/\/pinturayartistas.com\/ilustracionesgratis\/\",\"name\":\"Home\"}},{\"@type\":\"ListItem\",\"position\":2,\"item\":{\"@type\":\"WebPage\",\"@id\":\"https:\/\/pinturayartistas.com\/ilustracionesgratis\/es\/disenos-graficos\/\",\"url\":\"https:\/\/pinturayartistas.com\/ilustracionesgratis\/es\/disenos-graficos\/\",\"name\":\"Dise\\u00f1os gr\\u00e1ficos\"}}]}]}<\/script>\n<!-- \/ Yoast SEO plugin. -->","_links":{"self":[{"href":"https:\/\/pinturayartistas.com\/ilustracionesgratis\/wp-json\/wp\/v2\/pages\/5039"}],"collection":[{"href":"https:\/\/pinturayartistas.com\/ilustracionesgratis\/wp-json\/wp\/v2\/pages"}],"about":[{"href":"https:\/\/pinturayartistas.com\/ilustracionesgratis\/wp-json\/wp\/v2\/types\/page"}],"author":[{"embeddable":true,"href":"https:\/\/pinturayartistas.com\/ilustracionesgratis\/wp-json\/wp\/v2\/users\/575"}],"replies":[{"embeddable":true,"href":"https:\/\/pinturayartistas.com\/ilustracionesgratis\/wp-json\/wp\/v2\/comments?post=5039"}],"version-history":[{"count":3,"href":"https:\/\/pinturayartistas.com\/ilustracionesgratis\/wp-json\/wp\/v2\/pages\/5039\/revisions"}],"predecessor-version":[{"id":5850,"href":"https:\/\/pinturayartistas.com\/ilustracionesgratis\/wp-json\/wp\/v2\/pages\/5039\/revisions\/5850"}],"wp:featuredmedia":[{"embeddable":true,"href":"https:\/\/pinturayartistas.com\/ilustracionesgratis\/wp-json\/wp\/v2\/media\/4234"}],"wp:attachment":[{"href":"https:\/\/pinturayartistas.com\/ilustracionesgratis\/wp-json\/wp\/v2\/media?parent=5039"}],"curies":[{"name":"wp","href":"https:\/\/api.w.org\/{rel}","templated":true}]}}