{"id":1028,"date":"2013-09-07T11:22:41","date_gmt":"2013-09-07T11:22:41","guid":{"rendered":"http:\/\/s489098794.mialojamiento.es\/?page_id=1028"},"modified":"2023-08-22T16:16:41","modified_gmt":"2023-08-22T15:16:41","slug":"graphic-designs","status":"publish","type":"page","link":"https:\/\/pinturayartistas.com\/ilustracionesgratis\/graphic-designs\/","title":{"rendered":"Graphic designs"},"content":{"rendered":"\n<h2 class=\"wp-block-heading has-text-align-center\">Artistic illustrations, coloring drawings, and graphic designs such as textures, symbols, and labels <\/h2>\n\n\n\n<p>Discover graphic and vector design files that you can directly download and use in your articles, designs and publications.<\/p>\n\n\n\n<div class=\"wp-block-columns\">\n<div class=\"wp-block-column\">\n<figure class=\"wp-block-image aligncenter size-large\"><a href=\"https:\/\/pinturayartistas.com\/ilustracionesgratis\/graphic-designs\/artistic-illustrations\/\"><img loading=\"lazy\" width=\"683\" height=\"521\" src=\"https:\/\/pinturayartistas.com\/ilustracionesgratis\/wp-content\/uploads\/2021\/04\/colecciones-ilustraciones-artisticas.jpg\" alt=\"Ilustraciones art\u00edsticas\" class=\"wp-image-4442\" title=\"Colecciones de Ilustraciones art\u00edsticas\"\/><\/a><\/figure>\n\n\n\n<h3 class=\"wp-block-heading has-text-align-center\"><a href=\"https:\/\/pinturayartistas.com\/ilustracionesgratis\/graphic-designs\/artistic-illustrations\/\">Artistic illustrations<\/a> <\/h3>\n<\/div>\n\n\n\n<div class=\"wp-block-column\">\n<figure class=\"wp-block-image aligncenter size-large\"><a href=\"https:\/\/pinturayartistas.com\/ilustracionesgratis\/graphic-designs\/textures-patterns\/\"><img loading=\"lazy\" width=\"683\" height=\"521\" src=\"https:\/\/pinturayartistas.com\/ilustracionesgratis\/wp-content\/uploads\/2021\/04\/colecciones-texturas.jpg\" alt=\"colecciones de texturas\" class=\"wp-image-4445\" title=\"Colecciones de ilustraciones de texturas diversas\"\/><\/a><\/figure>\n\n\n\n<h3 class=\"wp-block-heading has-text-align-center\"><a href=\"https:\/\/pinturayartistas.com\/ilustracionesgratis\/graphic-designs\/textures-patterns\/\">Textures &amp; patterns<\/a><\/h3>\n<\/div>\n<\/div>\n\n\n\n<hr class=\"wp-block-separator has-css-opacity\"\/>\n\n\n\n<div class=\"wp-block-columns\">\n<div class=\"wp-block-column\">\n<figure class=\"wp-block-image aligncenter size-large\"><a href=\"https:\/\/pinturayartistas.com\/ilustracionesgratis\/image-stock\/artisticas-art\/\"><img src=\"https:\/\/pinturayartistas.com\/ilustracionesgratis\/wp-content\/uploads\/2011\/ilustraciones-arte\/aztecas\/mini\/arte-azteca-hand-mano.gif\" alt=\"artistic illustrations\"\/><\/a><\/figure>\n\n\n\n<h3 class=\"wp-block-heading has-text-align-center\"><a href=\"https:\/\/pinturayartistas.com\/ilustracionesgratis\/image-stock\/artisticas-art\/\">Artistic illustrations<\/a><\/h3>\n<\/div>\n\n\n\n<div class=\"wp-block-column\">\n<figure class=\"wp-block-image aligncenter size-large\"><a href=\"https:\/\/pinturayartistas.com\/ilustracionesgratis\/image-stock\/etiqueta-label\/\"><img src=\"https:\/\/pinturayartistas.com\/ilustracionesgratis\/wp-content\/uploads\/2011\/graficos\/etiquetas1.jpg\" alt=\"Labels\"\/><\/a><\/figure>\n\n\n\n<h3 class=\"wp-block-heading has-text-align-center\"><a href=\"https:\/\/pinturayartistas.com\/ilustracionesgratis\/image-stock\/etiqueta-label\/\">Labels<\/a><\/h3>\n<\/div>\n\n\n\n<div class=\"wp-block-column\">\n<figure class=\"wp-block-image aligncenter size-large\"><a href=\"https:\/\/pinturayartistas.com\/ilustracionesgratis\/image-stock\/formas-shapes\/\"><img src=\"https:\/\/pinturayartistas.com\/ilustracionesgratis\/wp-content\/uploads\/2013\/10\/formas-en-espiral-diseno200-200x200.gif\" alt=\"shapes\"\/><\/a><\/figure>\n\n\n\n<h3 class=\"wp-block-heading has-text-align-center\"><a href=\"https:\/\/pinturayartistas.com\/ilustracionesgratis\/image-stock\/formas-shapes\/\">Shapes<\/a><\/h3>\n<\/div>\n\n\n\n<div class=\"wp-block-column\">\n<figure class=\"wp-block-image aligncenter size-large\"><a href=\"https:\/\/pinturayartistas.com\/ilustracionesgratis\/image-stock\/graficos-graphics\/simbolos-symbol\/\"><img src=\"https:\/\/pinturayartistas.com\/ilustracionesgratis\/wp-content\/uploads\/2014\/02\/ying-y-yang200-200x200.gif\" alt=\"symbols\"\/><\/a><\/figure>\n\n\n\n<h3 class=\"wp-block-heading has-text-align-center\"><a href=\"https:\/\/pinturayartistas.com\/ilustracionesgratis\/image-stock\/graficos-graphics\/simbolos-symbol\/\">Symbols<\/a><\/h3>\n<\/div>\n\n\n\n<div class=\"wp-block-column\">\n<figure class=\"wp-block-image aligncenter size-large\"><a href=\"https:\/\/pinturayartistas.com\/ilustracionesgratis\/image-stock\/texturas-texture\/\"><img src=\"https:\/\/pinturayartistas.com\/ilustracionesgratis\/wp-content\/uploads\/2013\/01\/sierpenski-mirror-100-200x200.jpg\" alt=\"textures\"\/><\/a><\/figure>\n\n\n\n<h3 class=\"wp-block-heading has-text-align-center\"><a href=\"https:\/\/pinturayartistas.com\/ilustracionesgratis\/image-stock\/texturas-texture\/\">Textures<\/a><\/h3>\n<\/div>\n<\/div>\n\n\n\n<hr class=\"wp-block-separator has-css-opacity\"\/>\n\n\n\n<h2 class=\"wp-block-heading has-text-align-center\">Featured Graphic Design Collections<\/h2>\n\n\n\n<div class=\"wp-block-columns\">\n<div class=\"wp-block-column\">\n<figure class=\"wp-block-image size-large\"><a href=\"https:\/\/pinturayartistas.com\/ilustracionesgratis\/image-stock\/graficos-graphics\/mandalas-en\/\"><img loading=\"lazy\" width=\"683\" height=\"521\" src=\"https:\/\/pinturayartistas.com\/ilustracionesgratis\/wp-content\/uploads\/2021\/03\/mandalas-destacada.jpg\" alt=\"mandalas\" class=\"wp-image-4234\"\/><\/a><\/figure>\n\n\n\n<h3 class=\"wp-block-heading has-text-align-center\"><a href=\"https:\/\/pinturayartistas.com\/ilustracionesgratis\/image-stock\/graficos-graphics\/mandalas-en\/\">Mandalas<\/a><\/h3>\n<\/div>\n\n\n\n<div class=\"wp-block-column\">\n<figure class=\"wp-block-image size-large\"><a href=\"https:\/\/pinturayartistas.com\/ilustracionesgratis\/image-stock\/horoscopo-chino-chinese-horoscope\/\"><img loading=\"lazy\" width=\"683\" height=\"521\" src=\"https:\/\/pinturayartistas.com\/ilustracionesgratis\/wp-content\/uploads\/2021\/03\/destacadas-horoscopos.jpg\" alt=\"\" class=\"wp-image-4238\"\/><\/a><\/figure>\n\n\n\n<h3 class=\"wp-block-heading has-text-align-center\"><a href=\"https:\/\/pinturayartistas.com\/ilustracionesgratis\/image-stock\/horoscopo-chino-chinese-horoscope\/\">Chinese horoscope<\/a><\/h3>\n<\/div>\n<\/div>\n","protected":false},"excerpt":{"rendered":"<p>Artistic illustrations, coloring drawings, and graphic designs such as textures, symbols, and labels Discover graphic and vector design files that you can directly download and use in your articles, designs and publications. Artistic illustrations Textures &amp; patterns Artistic illustrations Labels Shapes Symbols Textures Featured Graphic Design Collections Mandalas Chinese horoscope<\/p>\n","protected":false},"author":575,"featured_media":4234,"parent":0,"menu_order":4,"comment_status":"closed","ping_status":"closed","template":"","meta":[],"yoast_head":"<!-- This site is optimized with the Yoast SEO plugin v16.0 - https:\/\/yoast.com\/wordpress\/plugins\/seo\/ -->\n<title>Graphic designs - Cristina<\/title>\n<meta name=\"description\" content=\"Ilustraciones, dise\u00f1os gr\u00e1ficos y fotograf\u00edas en el stock gratuito. Illustrations, graphic designs and photos in the free stock\" \/>\n<link rel=\"canonical\" href=\"https:\/\/pinturayartistas.com\/ilustracionesgratis\/graphic-designs\/\" \/>\n<meta property=\"og:locale\" content=\"en_US\" \/>\n<meta property=\"og:type\" content=\"article\" \/>\n<meta property=\"og:title\" content=\"Graphic designs - Cristina\" \/>\n<meta property=\"og:description\" content=\"Ilustraciones, dise\u00f1os gr\u00e1ficos y fotograf\u00edas en el stock gratuito. Illustrations, graphic designs and photos in the free stock\" \/>\n<meta property=\"og:url\" content=\"https:\/\/pinturayartistas.com\/ilustracionesgratis\/graphic-designs\/\" \/>\n<meta property=\"og:site_name\" content=\"Cristina\" \/>\n<meta property=\"article:modified_time\" content=\"2023-08-22T15:16:41+00:00\" \/>\n<meta property=\"og:image\" content=\"https:\/\/pinturayartistas.com\/ilustracionesgratis\/wp-content\/uploads\/2021\/03\/mandalas-destacada.jpg\" \/>\n\t<meta property=\"og:image:width\" content=\"683\" \/>\n\t<meta property=\"og:image:height\" content=\"521\" \/>\n<meta name=\"twitter:card\" content=\"summary_large_image\" \/>\n<meta name=\"twitter:label1\" content=\"Est. reading time\">\n\t<meta name=\"twitter:data1\" content=\"3 minutes\">\n<script type=\"application\/ld+json\" class=\"yoast-schema-graph\">{\"@context\":\"https:\/\/schema.org\",\"@graph\":[{\"@type\":\"WebSite\",\"@id\":\"https:\/\/pinturayartistas.com\/ilustracionesgratis\/#website\",\"url\":\"https:\/\/pinturayartistas.com\/ilustracionesgratis\/\",\"name\":\"Cristina\",\"description\":\"Illustrations\",\"potentialAction\":[{\"@type\":\"SearchAction\",\"target\":\"https:\/\/pinturayartistas.com\/ilustracionesgratis\/?s={search_term_string}\",\"query-input\":\"required name=search_term_string\"}],\"inLanguage\":\"en-US\"},{\"@type\":\"ImageObject\",\"@id\":\"https:\/\/pinturayartistas.com\/ilustracionesgratis\/graphic-designs\/#primaryimage\",\"inLanguage\":\"en-US\",\"url\":\"https:\/\/pinturayartistas.com\/ilustracionesgratis\/wp-content\/uploads\/2021\/03\/mandalas-destacada.jpg\",\"width\":683,\"height\":521},{\"@type\":\"WebPage\",\"@id\":\"https:\/\/pinturayartistas.com\/ilustracionesgratis\/graphic-designs\/#webpage\",\"url\":\"https:\/\/pinturayartistas.com\/ilustracionesgratis\/graphic-designs\/\",\"name\":\"Graphic designs - Cristina\",\"isPartOf\":{\"@id\":\"https:\/\/pinturayartistas.com\/ilustracionesgratis\/#website\"},\"primaryImageOfPage\":{\"@id\":\"https:\/\/pinturayartistas.com\/ilustracionesgratis\/graphic-designs\/#primaryimage\"},\"datePublished\":\"2013-09-07T11:22:41+00:00\",\"dateModified\":\"2023-08-22T15:16:41+00:00\",\"description\":\"Ilustraciones, dise\\u00f1os gr\\u00e1ficos y fotograf\\u00edas en el stock gratuito. Illustrations, graphic designs and photos in the free stock\",\"breadcrumb\":{\"@id\":\"https:\/\/pinturayartistas.com\/ilustracionesgratis\/graphic-designs\/#breadcrumb\"},\"inLanguage\":\"en-US\",\"potentialAction\":[{\"@type\":\"ReadAction\",\"target\":[\"https:\/\/pinturayartistas.com\/ilustracionesgratis\/graphic-designs\/\"]}]},{\"@type\":\"BreadcrumbList\",\"@id\":\"https:\/\/pinturayartistas.com\/ilustracionesgratis\/graphic-designs\/#breadcrumb\",\"itemListElement\":[{\"@type\":\"ListItem\",\"position\":1,\"item\":{\"@type\":\"WebPage\",\"@id\":\"https:\/\/pinturayartistas.com\/ilustracionesgratis\/\",\"url\":\"https:\/\/pinturayartistas.com\/ilustracionesgratis\/\",\"name\":\"Home\"}},{\"@type\":\"ListItem\",\"position\":2,\"item\":{\"@type\":\"WebPage\",\"@id\":\"https:\/\/pinturayartistas.com\/ilustracionesgratis\/graphic-designs\/\",\"url\":\"https:\/\/pinturayartistas.com\/ilustracionesgratis\/graphic-designs\/\",\"name\":\"Graphic designs\"}}]}]}<\/script>\n<!-- \/ Yoast SEO plugin. -->","_links":{"self":[{"href":"https:\/\/pinturayartistas.com\/ilustracionesgratis\/wp-json\/wp\/v2\/pages\/1028"}],"collection":[{"href":"https:\/\/pinturayartistas.com\/ilustracionesgratis\/wp-json\/wp\/v2\/pages"}],"about":[{"href":"https:\/\/pinturayartistas.com\/ilustracionesgratis\/wp-json\/wp\/v2\/types\/page"}],"author":[{"embeddable":true,"href":"https:\/\/pinturayartistas.com\/ilustracionesgratis\/wp-json\/wp\/v2\/users\/575"}],"replies":[{"embeddable":true,"href":"https:\/\/pinturayartistas.com\/ilustracionesgratis\/wp-json\/wp\/v2\/comments?post=1028"}],"version-history":[{"count":35,"href":"https:\/\/pinturayartistas.com\/ilustracionesgratis\/wp-json\/wp\/v2\/pages\/1028\/revisions"}],"predecessor-version":[{"id":5786,"href":"https:\/\/pinturayartistas.com\/ilustracionesgratis\/wp-json\/wp\/v2\/pages\/1028\/revisions\/5786"}],"wp:featuredmedia":[{"embeddable":true,"href":"https:\/\/pinturayartistas.com\/ilustracionesgratis\/wp-json\/wp\/v2\/media\/4234"}],"wp:attachment":[{"href":"https:\/\/pinturayartistas.com\/ilustracionesgratis\/wp-json\/wp\/v2\/media?parent=1028"}],"curies":[{"name":"wp","href":"https:\/\/api.w.org\/{rel}","templated":true}]}}